 - 0 - 0) + (-33 - -5664). What is the highest common divisor of k and 84?
84
Suppose -2*o + 187 = o - 2*w, -2*o + w + 125 = 0. Let z = 67 - o. Let v be (-3 + z/12)*-3. Calculate the highest common divisor of 1 and v.
1
Suppose -6*d - 78 + 6 = 0. Let r be d/54 - 220/(-18). Calculate the highest common divisor of r and 24.
12
Suppose -8*w + 5*w = -3*y + 369, 4*w + 5*y = -510. Let h = 27 - w. Calculate the highest common divisor of 8 and h.
8
Let u be ((-150)/25)/(((-4)/102)/(-2)). Let r = 310 + u. Let f(w) = 8*w**2 + 3*w - 2. Let h be f(2). What is the highest common divisor of h and r?
4
Suppose -145*i = -144*i + 5. Let v(c) = c**3 + 4*c**2 - 9*c - 8. Let q be v(i). Calculate the highest common factor of 24 and q.
12
Suppose g = -5*g + 54. Suppose -g*y - 671 = -185. Let c = 120 + y. Calculate the highest common factor of 22 and c.
22
Let v(n) = -20*n**3 + n**2 - 5*n - 5. Let i be v(-2). Let c = i + -92. Let q(b) = -b + 3. Let u be q(-4). Calculate the highest common factor of c and u.
7
Suppose 3*a - 55 = -19. Let p(h) = 8*h**2 - 8*h. Let x be p(a). What is the greatest common factor of x and 44?
44
Let g = -8436 - -19868. What is the greatest common divisor of 32 and g?
8
Suppose 5*f - 896 = 7844. Suppose 18*p - f = -p. Calculate the highest common divisor of p and 138.
46
Suppose -50*o = -29*o - 11760. Calculate the greatest common divisor of 120 and o.
40
Suppose 12*t - 9*t = 21. Let k be ((-28)/49)/(0 + (-2)/t). Let w be k + 4/(-1) - -29. Calculate the highest common divisor of 3 and w.
3
Let g(q) = -q + 12. Let x be g(3). Let n(a) = -2*a**3 + 19*a**2 - 9*a + 20. Let w be n(x). Calculate the highest common divisor of 25 and w.
5
Let y = -234 + 277. Suppose 56*z = y*z + 338. Calculate the highest common factor of z and 26.
26
Let c(k) = 6*k + 13. Let p be c(-2). Let w be (76 - -2)*p - (-49 - -55). Calculate the greatest common divisor of w and 40.
8
Let b = -3257 + 3288. Calculate the greatest common factor of b and 1984.
31
Let n be (-1409)/(-4) + 49/28. Suppose -14*g = -73*g + n. What is the highest common factor of g and 42?
6
Let i(d) = 2*d**3 - 4*d**2 + d - 1. Let h be i(3). Let q(u) = 49*u + 110. Let y be q(6). Let j = -374 + y. Calculate the greatest common factor of j and h.
10
Let g(c) = 40*c - 167. Let z be g(11). What is the highest common factor of z and 52?
13
Let x(y) = 2*y**2 - 14*y - 5. Let b be x(7). Let o be 208/(-2) + (-14 + 4)/b. Let k be o/(-9)*6/4. Calculate the highest common factor of 102 and k.
17
Let w(h) = h**2 - 37*h - 75. Let m be w(39). Suppose m*g = 198 + 402. What is the greatest common divisor of g and 150?
50
Let o(y) = -2*y**3 + 10*y**2 - y + 3. Let q be o(4). Suppose q*z - 13*z = 396. Calculate the greatest common factor of z and 22.
22
Let i be (84/(-18))/((-5)/(-30)*4). Let n be 1/(i/(-543)) - 6/(-14). Calculate the greatest common factor of 117 and n.
39
Let a be (1110/1480)/(6/75400). What is the greatest common divisor of a and 5?
5
Let h = -19 + 77. Suppose 0 = -h*b - 6*b + 21056. Calculate the greatest common factor of 7 and b.
7
Suppose -14*t - 4683 + 6013 = 0. Calculate the greatest common factor of 10 and t.
5
Suppose 1083*m - 1088*m = f - 938, m + 920 = f. What is the highest common factor of 1118 and f?
13
Let x(f) = -f**2 - 3*f - 2. Let u be x(-4). Let i be u + (-200)/(-6 + 1). Calculate the greatest common factor of i and 323.
17
Let a = 1234 + -758. Suppose -28*s + 30*s = a. Calculate the greatest common divisor of 68 and s.
34
Let w = -6475 + 7271. What is the greatest common factor of w and 28?
4
Suppose -t + r - 1483 = -1779, -2*t = 5*r - 599. Calculate the greatest common factor of t and 1551.
33
Suppose 6*c - 300 = 2*c. Suppose 6*s + 36 = 12*s. Suppose s*v - 105 = -v. What is the highest common factor of c and v?
15
Suppose 0 = 4108*o - 4021*o - 31320. Calculate the greatest common factor of o and 1305.
45
Let k be 13/(-5) + 38/(-95). Let d be (k + 3)/(2*(0 - 1)). Suppose 7*b = 2*b + y + 451, -5*b - y + 449 = d. Calculate the greatest common factor of 15 and b.
15
Let h(w) = -w**3 - 15*w**2 - 7*w + 161. Let s be h(-14). What is the greatest common factor of 1944 and s?
9
Let g = 1729 - 1235. Let n = -174 + g. What is the highest common divisor of 48 and n?
16
Suppose 7*g - 67 = 5*g - 5*y, 2*y - 115 = -5*g. Let i be 10 - (2/6 - 70/g). Calculate the highest common factor of i and 1.
1
Suppose 34 = -o + 5*w, 3*w - 41 - 13 = 3*o. Let v = o - -69. Suppose 5*s = 25, 0*s + 5*s - 135 = -5*q. What is the greatest common divisor of v and q?
11
Suppose 3*j - 145 = -2*t, 5*j - 3*j + 2*t = 94. Let z(b) = 4*b - 14. Let a be z(12). Let i be (-1)/((-4)/a)*2. What is the highest common factor of j and i?
17
Let c be (1 - 58 - 3)/(9/(-6)). Let t = c - 36. Suppose t*r - 4*s = 3*r - 2, 3*s + 31 = 4*r. Calculate the greatest common factor of r and 4.
2
Let a = 112 + -76. Suppose a = 4*x + 2*x. Calculate the greatest common factor of 192 and x.
6
Suppose 0 = 161*b + 1500815 - 5133458. What is the greatest common factor of b and 9?
9
Let n = 42197 + -41798. What is the greatest common factor of 2121 and n?
21
Let r = -367 - -611. Let n = -238 + r. Calculate the greatest common factor of 81 and n.
3
Let v = 502 - -677. Suppose 5*o = -4*i + 2361, 2*i - 10*o + 13*o = v. Calculate the highest common divisor of i and 54.
54
Let d be 7665/28 - (68/(-16) + 4). Let u = 419 - 244. Let h = d - u. What is the greatest common factor of 11 and h?
11
Let l(b) be the first derivative of -b**4/4 + 4*b**3 + b**2 + 4*b - 90. Let f be l(10). Calculate the greatest common divisor of f and 84.
28
Let z(l) = l**2 + 2*l + 5. Let a be z(-5). Let s be 72/(-612) - (-138)/17. What is the highest common divisor of a and s?
4
Suppose z - 10 = -a, -19 = -4*z + 4*a - a. Suppose 0 = 44*i - 37*i - z. Suppose i - 7 = -2*v. What is the greatest common divisor of v and 39?
3
Let a be (-228)/(-2) + (-30)/(13 - 7). What is the highest common factor of a and 1853?
109
Let d be (-8)/(-342)*405/90 + 2504/38. What is the greatest common divisor of d and 1122?
66
Let r = -22660 + 26937. What is the greatest common factor of r and 21?
7
Suppose 0 = -z - 2*z + 4*p + 12, -43 = -5*z - p. Let o be 19/((-51)/(-6) - z). Calculate the highest common factor of 114 and o.
38
Let r be 7*(-37)/(7770/(-3960)). Let v(m) = 10*m**2 + m + 2. Let n be v(2). What is the highest common factor of n and r?
44
Let g be (1 - 59)/((1512/1372)/(-27)). Calculate the highest common divisor of 29 and g.
29
Let u = -18625 - -18715. What is the greatest common factor of u and 2130?
30
Let x = 24319 - 24309. Let d be (-110)/(-3)*(4 + -1). Calculate the highest common divisor of d and x.
10
Let d = 887 - 596. What is the greatest common factor of d and 2134?
97
Let y = -15127 + 16115. What is the highest common factor of y and 68?
4
Let k(q) = -128*q**3 + q**2 + 3*q + 1. Let a be k(-1). Suppose -9*r + 125 = -a. What is the greatest common factor of 21 and r?
7
Let p(r) = 3*r**2 - 63*r - 132. Let q be p(23). What is the highest common factor of q and 229?
1
Let a = 731 + -719. Suppose 6*d - 60 = 3*d. What is the highest common divisor of d and a?
4
Let o = -7927 - -7966. Calculate the highest common factor of o and 416.
13
Let t(q) = 34*q**2 + 3*q. Let a be t(-3). Let m = 324 + -320. Suppose 12*o - m*o - 264 = 0. Calculate the greatest common divisor of a and o.
33
Let f be (-227 + 44)*(50/(-6) + 5). Calculate the highest common divisor of f and 120.
10
Let n = 53 - 89. Let a = n + 52. Let i be 24/27*6*24. Calculate the highest common divisor of a and i.
16
Let x = -389 + 7214. Calculate the greatest common factor of 70 and x.
35
Let r = 132 - 62. Suppose 2669*p = 3063*p - 5516. Calculate the highest common divisor of r and p.
14
Let w be -3*(4/(-5))/(((-63)/(-3945))/21). What is the greatest common factor of 1315 and w?
263
Let r = -65 + 83. Suppose 2514 = 12*a - 6*a. Let d = a + -257. What is the greatest common divisor of d and r?
18
Let u = -635 - -1103. Calculate the highest common factor of 507 and u.
39
Suppose -191 = -21*p + 166. What is the highest common factor of p and 6953?
17
Let n be 819/(-52)*(-7 + 119/21). Calculate the highest common factor of 33 and n.
3
Let o(a) = 2*a**3 - a**2 - a + 1. Let x be o(2). Let i = -1315 + 570. Let p = 844 + i. What is the highest c